 Calculate the greatest common factor of r and o.
6
Let d be 8/12*(4 + -2 - -43). Suppose 4*y - 116 = -36. Calculate the greatest common divisor of y and d.
10
Let d(x) = 144*x - 246. Let h be d(2). Let f be 280/(-25)*(-5)/1. Calculate the greatest common divisor of f and h.
14
Let j = 75 + -45. Let p be ((-10)/(-6))/(5/j). Suppose -4*g = -2*u + 212, 7*g - 2*g = 3*u - 320. What is the greatest common factor of p and u?
10
Suppose -w + 32 = 129. Let g = w + 145. Suppose 0 = 216*f - 224*f - 102 + 1062. What is the highest common factor of f and g?
24
Let h(f) be the third derivative of 0*f - 1/120*f**6 + 0 + 1/12*f**4 - 1/20*f**5 - f**3 + 28*f**2. Let v be h(-4). What is the highest common factor of v and 1?
1
Let i = -317 + 344. Let t be i + 348 + 1*-1. Calculate the highest common divisor of t and 22.
22
Suppose 18*s = 17*s - 38. Let q = -26 - s. Calculate the highest common divisor of q and 228.
12
Let x be (-341)/(-186) + 1/6. Suppose x*z - 10 = -3*d + 10, z - 10 = -4*d. Calculate the greatest common divisor of z and 15.
5
Let k = 23183 - 23021. What is the greatest common divisor of k and 16605?
81
Suppose -5*g = -20, -2*g + 6*g - 8 = 4*u. Let j(f) = 5*f**2 + 6*f - 12. Let w be j(u). What is the greatest common divisor of 15 and w?
5
Let a be 4 - (-2186 + 14 + 121/(-11)). What is the greatest common factor of a and 27?
27
Suppose -556 + 154 = 3*t + 4*o, 0 = 5*o. Let p = 148 + t. Calculate the greatest common divisor of p and 294.
14
Let q = 6059 + -5948. What is the highest common factor of 518 and q?
37
Let k = -16 - -127. Let u = k + -63. Let w(l) = -10*l - 4. Let r be w(-4). What is the greatest common factor of u and r?
12
Suppose 2*v - 14 = 4*n, -2*n = -6*v + 4*v + 16. Let q(f) = -f**2 + 13*f + 2. Let k be q(v). What is the highest common factor of k and 95?
19
Let b(x) = x + 12. Let z be b(-4). Let d be -3 - (0 - 1/1). Let m be -3 - -25 - (d + 4). What is the highest common divisor of m and z?
4
Let r be 171/114*(-8)/(-6) - -12. Let g be (70/(-40))/((-2)/256). Calculate the greatest common divisor of g and r.
14
Suppose 0*b - 320 = -40*b. Suppose b*s = 108 + 36. What is the highest common divisor of s and 117?
9
Let p be ((-1058)/(-3))/(434/651). What is the greatest common divisor of p and 460?
23
Let q(r) = r**3 - 107*r**2 + 315*r - 269. Let m be q(104). What is the highest common divisor of 2924 and m?
43
Suppose -29*a + 11520 = -17*a. Calculate the highest common divisor of 380 and a.
20
Suppose -k = 7 - 26. Let c = -412 + 491. Suppose c*u - 85*u + 798 = 0. What is the highest common divisor of k and u?
19
Let p(l) = 16*l + 14. Let b be p(8). Let c be 1 + (b/2)/(5/(-25)). Let k = c + 506. Calculate the highest common factor of k and 38.
38
Let c be 2358*(8/16 + 0). Calculate the highest common divisor of 63 and c.
9
Suppose -3*q + 303 = 3*c, -163*q - 493 = -168*q - 3*c. What is the greatest common divisor of q and 9215?
95
Let i(f) = -f**2 + 124*f - 2228. Let q be i(22). What is the highest common divisor of 2512 and q?
16
Suppose 21*j - 14442 = 12*j - 74*j. Calculate the greatest common divisor of 58 and j.
58
Suppose -496 = -12*a - 136. Calculate the highest common divisor of 11925 and a.
15
Suppose 17*d - 6316 = 1028. What is the greatest common divisor of d and 225?
9
Suppose 3 = j, 3*h + 79*j - 74*j - 36 = 0. What is the greatest common divisor of 2681 and h?
7
Suppose 2*i - 4*a - 556 = 0, -a - 221 = -2*i + 323. Suppose 0 = 5*x - 70 - 30. Calculate the greatest common divisor of x and i.
10
Suppose -8*x + 3*j + 43 = 0, -13 + 73 = 4*x + 4*j. Calculate the highest common divisor of 7864 and x.
8
Suppose 5*v + 2*w - 120 = 0, 0*w - w = 2*v - 48. Let l be (-27)/54 + 2/4. Let m be l + -1 + 5 - (0 + -212). Calculate the greatest common divisor of m and v.
24
Suppose 0 = -14*t + t + 2886. Suppose -88*l + t = -85*l. Calculate the highest common factor of l and 333.
37
Let g be 2450/105 + (-2)/(-3). Suppose -28*p + 216 = -g*p. What is the highest common factor of 135 and p?
27
Let l be (12/3 - 0) + 0/(-2). Suppose l*q - 6*q + 32 = 0. What is the greatest common factor of 18 and q?
2
Let s = 5 + -3. Suppose -s*i = -0*i + 2. Let d be (i - -1 - 3)*116/(-6). What is the greatest common factor of d and 87?
29
Let n = -369 + 374. Suppose -2*r + 41 = -d - 85, 0 = 4*r + n*d - 252. Calculate the greatest common factor of r and 504.
63
Let t(v) = 13*v - 3. Let q be (-3 + (-6)/(-3))*(-13 + 12). Let f be t(q). Calculate the highest common divisor of 110 and f.
10
Suppose 0 = 4*l + 5*d - 5210, l - 5*d - 995 = 320. Calculate the highest common factor of l and 180.
45
Let g(t) = -342*t + 1957. Let p be g(5). What is the highest common divisor of 273 and p?
13
Let o(x) = 3*x**2 + 6*x - 129. Let v be o(-11). What is the highest common factor of v and 357?
21
Suppose 0 = -2*t - 3*r + 91, 2*t - 207 = 5*r - 156. What is the highest common divisor of 247 and t?
19
Let v(y) = 6*y - 27. Let g be v(5). Let z be 333/1 - g/(2 + -3). What is the highest common divisor of z and 96?
48
Suppose -2*a - 98 = -3*k - 0*a, a = 3*k - 103. Let p be (-12)/(-72) - (-35)/6. Let z be (p/(-12))/((-1)/8). What is the greatest common divisor of k and z?
4
Let n = -293 + 318. Suppose -n*o + 3718 = o. Calculate the greatest common factor of 11 and o.
11
Let b(q) = -q**2 - 17*q - 69. Let f be b(-8). Suppose -4*a - 156 = -2*r, f*a + 71 = 3*r - 154. What is the greatest common divisor of 96 and r?
24
Let c(n) = -n**3 - 9*n**2 + 4*n + 49. Suppose -3*v + 39 = -4*q, 18 = -v + 19. Let o be c(q). What is the highest common factor of 91 and o?
13
Let f be ((-5432)/(-84))/(4/(-3) - -1). Let r = f - -311. Calculate the greatest common factor of r and 26.
13
Suppose 6*j - 3*j = 33. Suppose -148 = -2*h + 3*s, -7 = -s - 5. Calculate the highest common divisor of h and j.
11
Suppose l = 3, n - 5*n = 4*l - 32. Suppose 4*f + 561 = n*f. Suppose 3*s - 423 = 3*u, 7*u = 4*s + 2*u - f. Calculate the highest common factor of 9 and s.
9
Suppose -7 - 133 = -5*z. Suppose 5*y - 1210 = 50. Suppose -y = -3*f - 2*b - b, -252 = -3*f + 4*b. What is the greatest common factor of f and z?
28
Suppose 5*b = -2*l, 5*l - 5*b - 145 + 5 = 0. Calculate the greatest common divisor of l and 21580.
20
Let t = 7771 - 7303. What is the greatest common factor of 5356 and t?
52
Let k(h) = 66*h**2 - 129*h - 7. Let c be k(4). Calculate the greatest common factor of 377 and c.
13
Let r be 440/1100*(632 - 2). Let p = 40 - 12. What is the highest common factor of r and p?
28
Suppose 0 = -30*m + 9*m - 630. Let f be 169 + (m/(-6))/(-5). Calculate the greatest common divisor of 48 and f.
24
Let k(f) = -2*f**3 - 13*f**2 - 32*f. Let d be k(-4). Let c be (-6)/(-8)*(-28 - -32). Calculate the highest common divisor of d and c.
3
Let m = -4985 + 5674. Calculate the highest common divisor of 901 and m.
53
Let d = 1248 + 2941. What is the highest common factor of d and 71?
71
Suppose 7*v + 8 = 2*v - 2*s, 4*v + 4 = -s. Suppose 2*w + 327 - 1661 = v. What is the highest common divisor of w and 29?
29
Let n(u) = 9*u - 53 + 21 + 12*u. Let t be n(12). Let r = 4 + 18. Calculate the greatest common factor of t and r.
22
Let q = 6872 + -6834. Calculate the greatest common divisor of 9329 and q.
19
Suppose -29*i + 28*i - 13 = 0. Let g = 26 + i. Suppose 792 = -k + g*k. What is the greatest common divisor of k and 22?
22
Let q(k) = 26*k**2 - 95*k + 28. Let u be q(4). What is the greatest common factor of u and 376?
8
Let y = -76 - -47. Let w = y - -32. Let p = -152 - -167. Calculate the highest common divisor of p and w.
3
Let a(k) = -4 - 52 - 2 - 7*k. Let d = 138 + -162. Let z be a(d). Calculate the greatest common divisor of 10 and z.
10
Suppose 117*k - 1465 = -57*k + 31943. Suppose 0*n + o = n - 340, 0 = n + 4*o - 320. Calculate the greatest common divisor of n and k.
48
Let s(z) = -z**2 - 6*z + 1. Let a be s(-4). Suppose -2*y = o - 159, 504*o = 501*o - y + 507. What is the greatest common factor of o and a?
9
Suppose 5*y = 11*y - 156. Suppose 0 = w + w - 48. Let z = y - w. Calculate the greatest common factor of 22 and z.
2
Let o(v) = 3*v**2 + 351*v + 2054. Let i be o(-6). Calculate the greatest common factor of 189 and i.
7
Let m be 9/(-30) + 1247/290. What is the highest common divisor of m and 37?
1
Suppose -5*r = -39*o + 42*o - 146, 0 = -o - 